490*k - 806. What is x(80)?
-6
Let y(b) = b**2 + 913*b + 9911. Give y(-11).
-11
Let d(w) = -w**3 - 32*w**2 + 304*w + 130. Determine d(8).
2
Let a(k) = 2*k**3 + 10*k**2 - 2*k + 1. Give a(-5).
11
Let g(d) = 3*d**2 + 24*d - 21. Give g(-10).
39
Let c(z) = -z**3 + 72*z**2 - 5*z + 368. What is c(72)?
8
Let l(r) = -r**3 - 35*r**2 + 4*r + 168. What is l(-35)?
28
Let x(o) = 3*o**3 + 8*o**2 - 2*o + 17. Determine x(-4).
-39
Let c(k) = -k**3 - 11*k**2 + 29*k + 5. Calculate c(-13).
-34
Let u(d) = 4*d**3 - 6*d**2 + 14*d - 26. Give u(3).
70
Let x(h) = -h**3 + 13*h**2 - 83*h + 2579. Give x(17).
12
Let b(u) = -120*u - 743. Give b(-6).
-23
Let i(m) = -16*m + 19. Calculate i(-5).
99
Let q(w) = 214*w**2 - 3209*w - 7. What is q(15)?
8
Let a(m) = 9*m**2 + 231*m - 134. What is a(-22)?
-860
Let n(l) = 14269*l - 128431. Give n(9).
-10
Let s(i) = -2*i**3 - 21*i**2 - 52*i - 43. Determine s(-7).
-22
Let b(a) = 3*a**3 - 2*a**2 + 48*a + 47. Determine b(-1).
-6
Let j(a) = -12*a**2 + 1371*a - 13627. Determine j(11).
2
Let t(h) = -53*h**2 - 428*h - 2. Give t(-8).
30
Let d(r) = r**3 - 11*r**2 + 20*r - 22. Calculate d(8).
-54
Let d(n) = -140*n - 586. Calculate d(-4).
-26
Let t(i) = -i**3 + 37*i**2 - 61*i - 5. What is t(35)?
310
Let p(w) = -9*w**2 + 64*w - 59. What is p(6)?
1
Let d(g) = 54*g + 392. Give d(-7).
14
Let d(o) = -o**3 - 30*o**2 - 43*o + 55. What is d(-29)?
461
Let k(y) = 2*y**3 + 37*y**2 + 8*y - 27. Give k(-18).
153
Let c(m) = 69*m - 261. Determine c(6).
153
Let t(b) = -b**3 + 22*b**2 - 21*b + 8. What is t(21)?
8
Let q(n) = -401*n - 1606. Give q(-4).
-2
Let l(j) = -25*j - 139. What is l(-6)?
11
Let p(b) = -b**2 - 87*b - 246. Give p(-3).
6
Let c(x) = -x**3 + 6*x**2 - 48*x + 362. Calculate c(7).
-23
Let s(u) = -9*u - 31. Determine s(-10).
59
Let w(t) = -792*t + 1565. Determine w(2).
-19
Let f(r) = -r**3 + 22*r**2 - 24*r + 97. What is f(21)?
34
Let i(b) = b**3 + 80*b**2 + 151*b - 395. Give i(-78).
-5
Let l(c) = c**3 - 16*c**2 - c - 60. What is l(16)?
-76
Let a(p) = -160*p - 3051. Give a(-18).
-171
Let g(t) = 120*t - 9254. Calculate g(77).
-14
Let n(d) = -457*d**2 - 5487*d - 30. Determine n(-12).
6
Let u(a) = 17*a**2 + 90*a + 15. Determine u(-7).
218
Let w(u) = 88*u + 6. Calculate w(-1).
-82
Let v(p) = 48*p + 3940. What is v(-82)?
4
Let b(i) = -i**2 - 8*i + 12. What is b(-7)?
19
Let p(a) = 2*a**2 - 20*a - 172. Give p(-6).
20
Let l(c) = -4*c**2 - 67*c - 245. What is l(-6)?
13
Let g(z) = -z**3 + 10*z**2 + 35*z + 63. Determine g(13).
11
Let k(s) = 132*s + 191. Give k(-2).
-73
Let g(r) = -2*r + 98. Calculate g(69).
-40
Let w(q) = -441*q - 817. What is w(-2)?
65
Let x(d) = 2*d**3 - 43*d**2 - 23*d - 3. Give x(22).
-25
Let b(p) = p**3 + 15*p**2 - 35*p - 309. Calculate b(-16).
-5
Let n(s) = 371*s - 2158. What is n(6)?
68
Let a(s) = s**3 + 2*s**2 - 159*s + 104. Calculate a(-14).
-22
Let q(d) = 7*d**3 + 12*d**2 - 75*d - 17. Calculate q(5).
783
Let h(x) = -43*x + 609. Calculate h(11).
136
Let s(a) = 1441*a + 4353. Determine s(-3).
30
Let f(j) = 41*j**2 - 261*j + 122. What is f(6)?
32
Let r(w) = w**2 - 22*w - 22. Calculate r(28).
146
Let l(f) = -188*f - 1025. What is l(-8)?
479
Let a(q) = q**3 - q**2 + 170*q - 722. Calculate a(4).
6
Let b(j) = 4*j**2 - 10*j - 3. What is b(-7)?
263
Let b(y) = y**3 + 8*y**2 - 5*y - 21. What is b(-10)?
-171
Let b(x) = 5*x**3 + 85*x**2 + 246*x + 12. Give b(-3).
-96
Let s(k) = 109*k - 81. Calculate s(1).
28
Let t(m) = -m**2 + 20*m + 9291. What is t(107)?
-18
Let l(a) = -a**2 - 116*a - 463. Determine l(-4).
-15
Let w(o) = -o**3 + 84*o**2 + 839*o + 159. Determine w(93).
345
Let x(d) = 2*d**2 - 134*d + 961. Give x(8).
17
Let a(r) = -r**3 - 15*r**2 + 68*r + 4. Calculate a(4).
-28
Let r(f) = -81*f**2 + 221*f + 433. Give r(-2).
-333
Let g(p) = p**3 - 112*p**2 - 61*p + 6848. Give g(112).
16
Let i(x) = x**3 - 47*x**2 - 98*x + 70. Determine i(49).
70
Let d(h) = -h**3 + 10*h**2 + 62*h + 11. Calculate d(-4).
-13
Let k(r) = 6*r**2 - 38. Give k(4).
58
Let n(f) = f**2 - 162*f + 6525. Give n(87).
0
Let s(h) = h**3 + 6*h**2 - 2*h + 3. Determine s(-4).
43
Let p(m) = -39*m**2 - 4718*m + 117. What is p(-121)?
-4
Let z(p) = 2*p**3 + 35*p - 178. Give z(4).
90
Let p(u) = 4*u**2 + 5959*u + 11916. Calculate p(-2).
14
Let o(h) = 11*h + 155. Calculate o(-16).
-21
Let u(c) = -20*c**2 - 28*c + 58. Give u(2).
-78
Let l(i) = -i**3 + 58*i**2 + 120*i + 46. Calculate l(60).
46
Let x(d) = 40*d**2 - 33*d - 197. What is x(-5)?
968
Let h(m) = -9*m - 371. Determine h(-42).
7
Let m(d) = 2*d**2 - 69*d + 518. Give m(23).
-11
Let d(k) = -k**3 - k**2 - 25*k - 51. Give d(-2).
3
Let r(u) = -u**3 - 2*u**2 - 10*u - 190. Give r(0).
-190
Let m(f) = 2*f**3 + 136*f**2 + 2305*f + 36. Determine m(-36).
0
Let l(d) = d**3 - 7*d**2 + d + 19. Calculate l(6).
-11
Let x(p) = 31*p + 2695. Give x(-87).
-2
Let k(a) = -9*a**3 - 37*a**2 - 7*a - 11. Calculate k(-4).
1
Let t(l) = 157*l - 653. Determine t(4).
-25
Let y(b) = 58*b + 8395. Give y(-145).
-15
Let m(v) = 9*v + 285. Determine m(-46).
-129
Let y(m) = m**2 + 44*m - 632. Give y(12).
40
Let a(h) = -2*h**3 + 22*h**2 - 63*h + 15. Give a(6).
-3
Let t(j) = 3*j**2 - 62*j - 30. Determine t(19).
-125
Let h(f) = f**3 - 44*f**2 + 259*f - 8. What is h(37)?
-8
Let n(i) = i**2 + 10*i + 13. What is n(-12)?
37
Let g(u) = -7*u**2 - 54*u - 317. What is g(-8)?
-333
Let s(p) = -4*p**2 - 6*p + 82. Determine s(6).
-98
Let y(v) = v**3 - 51*v**2 - 54*v + 20. Give y(52).
-84
Let u(z) = -5*z**3 - 28*z**2 - 20*z + 9. Calculate u(-1).
6
Let j(g) = 19*g + 17. What is j(2)?
55
Let l(o) = -5*o - 269. What is l(-11)?
-214
Let c(a) = a**3 + 9*a**2 - a + 104. Give c(0).
104
Let w(t) = 8*t + 35. What is w(33)?
299
Let y(s) = -4*s**3 - 5*s**2 + 21*s - 6. Give y(-3).
-6
Let m(v) = 2*v - 118. What is m(9)?
-100
Let x(p) = 5*p**2 - 176*p - 1429. Give x(42).
-1
Let y(w) = 2*w**3 - 45*w**2 + 188*w + 7. Give y(6).
-53
Let i(o) = -123*o - 1005. Determine i(-8).
-21
Let d(u) = -u**2 - 4*u + 2593. What is d(49)?
-4
Let p(b) = b**3 + 20*b**2 + 50*b - 34. Give p(-12).
518
Let c(n) = 332*n + 2201. Calculate c(-7).
-123
Let p(j) = -68*j - 4124. Calculate p(-63).
160
Let w(z) = 7*z**3 + 2*z**2 + 287*z - 582. Give w(2).
56
Let p(d) = d**3 + 10*d**2 + 42*d + 245. Give p(-8).
37
Let t(l) = -842*l - 10291. Give t(-12).
-187
Let g(j) = -4*j**2 + 552*j + 4046. Calculate g(-7).
-14
Let t(v) = 20*v - 62. Give t(5).
38
Let v(k) = 1573*k + 37734. What is v(-24)?
-18
Let q(y) = 32*y - 41. Calculate q(8).
215
Let y(z) = -z**2 - 29*z - 192. Determine y(-17).
12
Let h(i) = 70*i + 126. What is h(6)?
546
Let h(f) = 21*f - 612. Determine h(29).
-3
Let w(a) = -67*a - 932. What is w(-14)?
6
Let m(h) = -h**3 - 53*h**2 - 84*h + 920. Determine m(-51).
2
Let d(x) = -x**2 - 20*x + 43. Determine d(-22).
-1
Let t(q) = -q**3 + 10*q**2 + 12*q - 137. Determine t(4).
7
Let h(n) = -n**3 - 32*n**2 - 107*n + 111. Calculate h(-28).
-29
Let f(i) = i**3 + 7*i**2 - 19*i - 12. Give f(-8).
76
Let k(z) = -5*z**2 - 52*z - 30. Determine k(-10).
-10
Let z(s) = 60*s**2 - 25*s - 5. Calculate z(-2).
285
Let m(g) = -3*g**3 + 473*g**2 + 160*g - 355. Calculate m(158).
-39
Let a(y) = -4*y**3 - 249*y**2 - 64*y - 125. Calculate a(-62).
-1
Let q(x) = -x**3 + 11*x**2 + 71*x + 32. Determine q(15).
197
Let b(s) = s**3 - 107*s**2 - 215*s - 299. What is b(109)?
28
Let s(p) = -131*p + 2349. Determine s(17).
122
Let c(b) = -b**3 + 69*b**2 - 919*b + 46. Determine c(51).
-5
Let s(r) = r**2 - 66*r + 1018. What is s(21)?
73
Let w(k) = 2*k**2 - 28*k - 82. What is w(19)?
108
Let o(g) = -g**3 - 36*g**2 - 256*g - 357. Calculate o(-27).
-6
Let l(a) = a**3 - 60*a**2 - 79*a + 1093. Calculate l(61).
-5
Let l(q) = -q**2 + 236*q - 16. Determine l(0).
-16
Let r(p) = 129*p - 1059. What is r(8)?
-27
Let m(n) = 12*n + 142. Determine m(8).
238
Let b(g) = -16*g + 548. Determine b(33).
20
Let g(k) = k**3 + 6*k**2 + 426*k + 1678. Calculate g(-4).
6
Let c(d) = -11492*d - 57459. What is c(-5)?
1
Let w(b) = -2*b**2 - 14*b + 144. Calculate w(7).
-52
Let n(q) = -41*q**2 + 8647*q + 842. What is n(211)?
-2
Let a(o) = -o**2 + 9*o + 57. Calculate a(24).
-303
Let i(n) = -5*n**2 + 3*n + 26. Calculate i(3).
-10
Let y(b) = -b**3 - 25*b**2 + 6*b + 90. Determine y(-26).
610
Let c(w) = 2*w**2 + 290*w + 6396. Calculate c(-118).
24
Let q(p) = -p**3 + 3*p**2 + 30*p - 77. Give q(5).
23
Let w(u) = -84*u + 4